 f?
8
Let x(g) = g**3 + 5*g**2 + 3*g - 1. Let p be x(-4). Suppose 0*q = -4*q + f + 56, -p*q = -3*f - 33. What is the tens digit of q?
1
Suppose x + v = -8, -5*x - v = 29 + 19. Let j = 15 + x. Suppose j*c + 2*l - 13 = 0, -5*c - 3*l - 1 = -18. What is the units digit of c?
1
Let l be 2 + (13 - (-6)/(-2)). Suppose 0 = -5*k + k + l. What is the units digit of k?
3
Let s(q) be the second derivative of -4/3*q**3 + 0 + 1/6*q**4 + 3*q**2 - 3*q. What is the units digit of s(5)?
6
Let i be (-1)/((-1)/(4 - 1)). Let y be ((-1)/(-2))/(14/28). Let f = i + y. What is the units digit of f?
4
Let t be 3*((-2 - -5) + -2). Suppose -6 = -v + 3*s, 5*v = -s + t*s + 95. What is the tens digit of v?
2
What is the tens digit of 1/(3*(-2)/(-732))?
2
Let b(s) = -s + 1. Let o be b(-2). Let i(j) = 2*j**3 - 4*j**2 - 1. Let w be i(o). Suppose -1 = u + 2*r - 0*r, r + w = 5*u. What is the units digit of u?
3
Suppose 0 = -s - 13 + 3. Let l = -7 - s. What is the units digit of l?
3
Let b(s) = 21*s + 9. What is the hundreds digit of b(6)?
1
Let i(v) = 6*v + 12. Let c(a) = 4*a + 8. Let j(q) = -8*c(q) + 5*i(q). Suppose 0 = -5*w - 5 - 20. What is the units digit of j(w)?
6
Let d be ((-36)/(-8))/((-9)/(-24)). Suppose v = 4*v - d. What is the units digit of v?
4
Let b be -4*(-2)/(-2)*-1. Suppose -4 = 2*w - b*w. Suppose 5*p = w*l - 37, -4*l = -p - 24 - 5. What is the units digit of l?
6
Let i(y) be the second derivative of 2*y + 7/3*y**3 - 1/12*y**4 + 3/2*y**2 + 0. What is the tens digit of i(13)?
1
Suppose -2*y - 3 = -2*q + q, -3*q = 2*y - 17. Let l(g) = 3*g**2 - g. Let f be l(y). Suppose -f*k + 8 = -k. What is the units digit of k?
8
Let x be -4 - ((-2 - -1) + -4). What is the units digit of (x/(-2))/(2/(-132))?
3
What is the tens digit of ((-22)/(-33))/(2/57)?
1
Let k = -180 - -357. What is the hundreds digit of k?
1
Suppose 5*z - 4*h = 0, -4*h + 15 - 3 = -2*z. Suppose 4*r + z*c - 4 = 0, -4*c - 31 = -3*r - 0*c. What is the units digit of r?
5
Let w = 19 + -20. Let g(l) be the first derivative of -5*l**4/4 + l**3/3 + l**2/2 - 2. What is the units digit of g(w)?
5
Suppose 5*y = 4*y + j + 17, y - 3*j - 9 = 0. Suppose y = 3*n - 2*n. What is the units digit of n?
1
Let z(d) = -3*d**2 + d - 8. Let w(m) = 4*m**2 - 2*m + 9. Let t(g) = -2*w(g) - 3*z(g). What is the tens digit of t(5)?
3
Let c(s) = 14*s**3 - 2*s + 1. What is the units digit of c(1)?
3
Let m be 0/((-3)/3)*-1. Suppose -g = -3*o + 80, g + m - 1 = 0. Suppose -2*r + o = 9. What is the units digit of r?
9
Suppose -h + 190 = 2*q, 2*q - 5*q + 2*h + 292 = 0. What is the tens digit of q?
9
Let n be 5 + 0 + -3 + 1. Suppose 0 = -n*j + 17 + 19. What is the units digit of j?
2
Suppose 5*g - 3*g + r = 34, -3*r + 68 = 4*g. Suppose 2*c - g - 51 = 0. What is the tens digit of c?
3
Suppose -2*n + 304 = 2*n. What is the tens digit of n?
7
Suppose -b - 7 = -3*n, -3*b - 4*n + 3 = -5*n. Let h = 4 - b. Suppose 0 = h*p - 14. What is the units digit of p?
7
Let p(l) = l**3 + 3*l**2 - 2*l - 4. Let m be p(-3). Let c = m + 1. What is the units digit of c?
3
Let r = -63 + 124. What is the tens digit of r?
6
Let n(g) = g + 2. Let x be n(2). Let j(v) = -v**3 - 11*v**2 - 3*v - 4. Let b be j(-11). Suppose -2*t + 2 = 3*q, -q = -t - x*t - b. What is the units digit of q?
4
Suppose 3*b - 52 - 68 = 0. Let a be b/(-3)*6/4. Let r = 31 + a. What is the tens digit of r?
1
Let a(t) = 13*t - 21. Let b(z) = 7*z - 10. Let y(q) = 4*a(q) - 7*b(q). What is the units digit of y(11)?
9
Suppose 0 = 3*u + 3 + 12. Let m be 20/25*u/(-2). Suppose -d + 20 = m*z + z, 0 = -3*z - 2*d + 19. What is the units digit of z?
7
Suppose q + 21 = 4*d, -5 + 1 = 4*d + 4*q. Let y be ((-34)/(-8))/((-3)/(-12)). Suppose d*x - 27 = y. What is the units digit of x?
1
Suppose -5*o + 6*o - 3 = 0. Suppose -3*h + o = -3. What is the units digit of h?
2
Suppose 0 = -3*z - 2*z + 25. Suppose n - 31 = 3*y, z*y + 77 = 3*n - 0*n. What is the tens digit of n?
1
Let b be (42/35)/((-2)/(-5)). What is the tens digit of 1*b + -4 + 23?
2
Suppose -3*h + 4*d - d = 0, h = 2*d + 4. Let k(r) = -29*r - 3. Let t(x) = -10*x - 1. Let u(o) = h*k(o) + 11*t(o). What is the units digit of u(3)?
9
Suppose 3*i = -4*t + 255, -5*i + 2*t + 0*t + 425 = 0. Let o = i - 57. What is the units digit of o?
8
Let o = 8 + -5. Suppose 0 = -2*j + 2 + 10. Suppose -18 = o*k - j*k. What is the units digit of k?
6
Let z be 1/4 - (-574)/8. Suppose 4*q = -z - 28. Let y = -16 - q. What is the units digit of y?
9
Let b be (2 - (2 - -2))*-10. Suppose 0*i + 5*i = b. Suppose c = -i*c + 25. What is the units digit of c?
5
Let t = 219 + -100. What is the hundreds digit of t?
1
Suppose -5*i + 3*r + 18 = 0, -3*r - 8 - 4 = -3*i. Suppose 4*c - 47 = 3*m, 5*c - 22 = 3*m + 33. Let b = c - i. What is the units digit of b?
5
Suppose -p = 1 + 1. What is the tens digit of (-8)/(-5)*(-15)/p?
1
Let x = -93 + 139. What is the tens digit of x?
4
Let i be (-372)/18*6/(-4). Let u = i + -3. What is the tens digit of u?
2
Let j = 2 + -2. Suppose j = -3*y + 8*y - 155. What is the units digit of y?
1
Suppose 5*w - 36 = 79. What is the tens digit of (-1 - (-1 + 2)) + w?
2
What is the units digit of 195 + -8 - (-2 + -1)?
0
Let c = -156 + 29. Let l = 196 + c. Suppose 4*v - l = -5*q, -5*q = -5*v - 10*q + 85. What is the units digit of v?
6
Let u(v) = -11*v**2 - 12*v + 4*v - 15*v + 24. Let k(b) = 4*b**2 + 8*b - 8. Let j(d) = -8*k(d) - 3*u(d). What is the units digit of j(-7)?
6
Let g(o) = -11*o**3 - o**2 - 4*o + 1. What is the units digit of g(-2)?
3
Suppose -16 = -m + 14. Suppose 3*c = -0*c + m. Let i(s) = s**2 - 9*s - 5. What is the units digit of i(c)?
5
Let q = -2 - -30. What is the units digit of q?
8
Let b be ((-4)/(-2))/((-2)/44). Let i = -23 - b. What is the units digit of i?
1
Let n(y) = -y - 2. Let j be n(-7). Let v be 2/(-4)*(j + -9). Suppose v*h + 5*p - 29 = 0, 0*h - 3*h + 32 = -4*p. What is the units digit of h?
2
Suppose 0 = 4*v + v - 5. Let j(s) = 10*s**3 - 2*s + 1. Let p be j(v). Suppose -b + 24 = -4*n - p, n = -b + 8. What is the units digit of b?
3
Suppose -36 = -2*z + 3*x, 4*x - 5 - 2 = -z. Suppose 4*g = z + 25. Let w = g - -1. What is the units digit of w?
1
Let b = 19 + -11. What is the units digit of b?
8
Let m be 104/12 + (-4)/6. Let h = m - 0. What is the units digit of h?
8
Let m(g) = -6*g - 7. What is the units digit of m(-8)?
1
Let y(f) = f**2 + 4*f - 4. What is the tens digit of y(-10)?
5
Let z(d) = -d**3 + 7*d**2 - 2*d + 9. Let y be z(6). Let t = -8 + y. What is the units digit of t?
5
Suppose -2*o + 0 - 12 = 0. Let n = o + 11. Suppose -n*h + 7 + 53 = 0. What is the tens digit of h?
1
Let a(f) = -f**2 + 5*f + 2. Let y be a(5). Suppose -3*v - 15 = -3*q, -q - y*q + 5 = 2*v. Let o = 5 + v. What is the units digit of o?
3
Suppose -4*h = -0*h. Let c = h + 14. What is the tens digit of c?
1
Let i(y) = y + 3. Let h be i(7). Suppose -w = 4*w + h. What is the units digit of -7*w/2 + 1?
8
Suppose -5*y = -3*y - 4. Suppose 2 = 2*l - 6. Suppose 3*p - 5*v = 24, 3 - 9 = y*p + l*v. What is the units digit of p?
3
Let c be (-66)/10 + 4/(-10). Suppose -4*v = -2*g + 5*g + 23, -2*g = -5*v. Let h = v - c. What is the units digit of h?
5
Let m(h) = -h + 29. Let a(b) = -b**2 + b - 1. Let g(k) = a(k) + m(k). What is the units digit of g(0)?
8
What is the tens digit of (-2)/(-15) + ((-4576)/30)/(-11)?
1
Let y = -15 - 5. Let a = y + -1. What is the tens digit of 4/(-8) - a/2?
1
Suppose -8 = -h - h. Suppose -h*m = -m - 6. Suppose -m*r = 2*b - 40, 5*r + 16 = 5*b - 74. What is the tens digit of b?
1
Let u = -50 + 146. What is the units digit of u?
6
What is the units digit of (-71)/(-2) - 1/2?
5
Let f be -10*2*(-1)/4. Suppose -31 = -4*u + f. What is the units digit of (-1)/(1*(-3)/u)?
3
Suppose -o + 261 = 2*o. What is the tens digit of o?
8
Let y = -4 - -8. Suppose 2*t - 10 = -y. What is the units digit of t?
3
Let d be (-7)/2 + (-1)/2. Let a = -1 - d. Suppose a*o - 4*o + 11 = 0. What is the units digit of o?
1
What is the units digit of 0 + 4 - (-61 + 2)?
3
Let x(i) = -i**3 + 8*i**2 + i - 3. Let w be x(8). Let z = -2 + w. What is the units digit of z?
3
Let u be (1 + (-184)/(-6))*(10 - 7). Suppose -3*c + 3*p + 6 = -5*c, 10 = -2*c - 4*p. Suppose -c*i - 2*i = -u. What is the tens digit of i?
1
Suppose -3*s + 51 = -75. What is the tens digit of s?
4
Suppose d + 0*d = -5*y + 646, 